 f - 1. Give k(x).
8
Let z(s) = 2 - 10*s + 2 + 0 + 4*s. Calculate z(3).
-14
Let w(d) be the second derivative of d**3/6 + 3*d**2/2 + 17*d - 1. Let z = 7 + -12. What is w(z)?
-2
Let x(h) = h + 15. Let u be x(-11). Let v(l) = l**3 - 3*l**2 - 4*l. Calculate v(u).
0
Let j(i) = 2*i - 1. Let q(g) = -g + 1. Let n be (-7)/((2 - 0)/(-2)). Let a = -8 + n. Let f(v) = a*j(v) - 3*q(v). Give f(5).
3
Let r = 116 - 110. Let z(x) = x**2 - 8*x + 4. Calculate z(r).
-8
Let q(i) = 417*i - 2 - 210*i - 204*i. Calculate q(3).
7
Suppose 68 = -2*i + 72. Let a(z) = 4*z**2 + 2*z - 3. What is a(i)?
17
Let v(g) = g**3 - 5*g**2 + g - 5. Let q be v(5). Suppose 5*z - 4*n = 38, -z + 12 = -5*n + 2*n. Let i(c) = 2 - 3 + z - c. Give i(q).
5
Let h(b) = 3*b + 3. Suppose 4*s + 3*a = 6, 3*s + 0*s = 5*a + 19. Calculate h(s).
12
Let b(v) = v**3 + 3*v**2 + 4*v + 6. Let f be b(-3). Let j(h) be the second derivative of -h**4/12 - 2*h**3/3 + 3*h**2/2 - h. Calculate j(f).
-9
Let l(w) be the second derivative of w**3/6 + w**2 + 64*w - 2. Suppose -r = -4, -q + 2*q = 4*r - 10. Let b(h) = -h**2 + 6*h - 3. Let f be b(q). Calculate l(f).
-1
Let v(s) = -s - 2. Suppose 5*r = -2*u - 30, 0*u + 4*r - 22 = 3*u. Let m(h) = 3*h - 4. Let p be m(3). Let c be u*(1 - 3/p). Determine v(c).
2
Let w(n) be the first derivative of -n**3/3 - 4*n**2 - 10*n + 3. Calculate w(-7).
-3
Let c(f) = 1 - 4*f**3 + f**3 + 4*f**3 - 2*f**2. Let i be c(1). Let d(z) = z**2 - 3*z - 1. Let v(j) = -j + 2. Let h(a) = d(a) - 4*v(a). Give h(i).
-9
Let i(z) be the first derivative of -z + 1/3*z**3 + 5 + 1/2*z**2. Determine i(-1).
-1
Let y(v) = 71*v**2 - 39*v**2 + 1 - 3*v - 33*v**2. Give y(-2).
3
Let i = -31 + 19. Let g be i/(-42) - (-4)/(-14). Let h(k) = -5*k + 0*k + 0 + g - 1. Determine h(1).
-6
Let f = -5 + 10. Let c(k) = 1 + 1 + 2 - f - k**3. Give c(-1).
0
Let n(d) = -d**3 - 3*d**2 - 3*d - 1. Let g(k) = -k - 10. Suppose -4*h - 5 = 3. Let a be h - -3*(-15)/9. Let v be g(a). Calculate n(v).
8
Let f(u) be the first derivative of -u**2/2 - 4. Let o be (-6)/5 + (-7)/(-35). Let g be o + (1*-2 - -3). Determine f(g).
0
Suppose y + 18 = -5*y. Let k(b) = b**2 + b + 2. What is k(y)?
8
Let o(l) = -l**2 - 3*l - 1. Let i be (-6)/8*-1*-4. Give o(i).
-1
Let j(d) be the third derivative of -d**6/720 - d**4/3 + 7*d**2. Let y(i) be the second derivative of j(i). Give y(4).
-4
Let n be 4*-1*1/(-4). Let y(a) = -5*a**2 - 3*a**2 + 2*a**2 + 7 + 9*a + 0*a**2. Let b(l) = 3*l**2 - 4*l - 3. Let g(q) = -9*b(q) - 4*y(q). Calculate g(n).
-4
Let k(y) = -y**3 + 5*y**2 - 2*y - 4. Let j = 14 + -9. Determine k(j).
-14
Let v(m) = m + 6. Let w(s) = 1. Let z(q) = 6*v(q) - 34*w(q). Calculate z(2).
14
Let b(a) = 2*a**2 + a - 3. Suppose -53 = -12*y - 17. Calculate b(y).
18
Let f = 0 - -1. Suppose -3*o = -4*m - 12, 3*m + 5*o = 3*o - 9. Let g = f + m. Let b(n) = 2*n. Give b(g).
-4
Let d(g) = -g + 6. Suppose -4*v + 24 = -0*t - 3*t, 0 = 4*t + 16. Determine d(v).
3
Let l(h) = h - h**2 + 0*h**2 + 2*h**2 + 15 - 13*h. Give l(10).
-5
Let h(p) = -p**2 - p - 1. Let d(a) = 3*a**2 - 3*a + 6. Let f(u) = -d(u) - 4*h(u). Let r = -2 - 3. Give f(r).
-12
Let z be 2/(-6) + 10/(-15). Let u(b) = -12*b**3 + b. What is u(z)?
11
Suppose -2*v = -8, -2*p + v - 3 = -p. Let q be 5 - (p - 1)/(-3). Let j(u) = 0*u**3 - 2*u**3 + 6*u**2 + u**3 - 6*u. Calculate j(q).
-5
Let y(o) = -10*o + 2. Let m be (-66)/(-30) - 4/20. Calculate y(m).
-18
Let k(r) = r + 17. Let b be k(-8). Let v = b - 7. Let c(z) = z**3 - z**2 + 1. Let w(q) = 3*q**3 - 2*q**2 + 2*q. Let o(m) = 2*c(m) - w(m). Calculate o(v).
-10
Let i(x) be the first derivative of x**2/2 - x - 1. Suppose -5*a - 30 = -2*t, 4*a + 2*t = 7*t - 41. Determine i(a).
-5
Let f(k) = -k**2 + 7*k - 5. Let b be f(5). Let n(l) = l + 4*l - b*l + l. Let x = -6 + 9. Calculate n(x).
3
Let q be (-1)/2*(-6)/3. Suppose g = -2*d - 0*g - q, 12 = 4*g. Let x(c) = 10*c**2 - 13*c. Let b(u) = 3*u**2 - 4*u. Let s(h) = d*x(h) + 7*b(h). Give s(2).
0
Let y(n) = -n**3 - 3*n**2 + 7*n + 5. Let p be (-1 + 0)*0/(-5). Suppose p = 5*j - 2*j + 12. Determine y(j).
-7
Let y(x) = 3*x**2 - 4*x + 4*x - 2*x**3 + 3*x**3 + 1 + 4*x. Determine y(-3).
-11
Suppose v = -2*o + 6, 0*v = 3*o - v + 1. Let k(s) = -s - o - 2 + 2. Determine k(-5).
4
Let v(q) be the first derivative of -q**2 + 5*q + 8. Let s be (-12)/(-2*1)*1. Suppose 2 + s = 2*t. Determine v(t).
-3
Suppose 2*v - 6*v + 8 = 2*d, -2*d = -v + 2. Let c be 2*2/4 - -2. Let r(s) = d + c - 7 - 2*s. Determine r(-3).
2
Let q be (-14)/(-4) - 1/(-2). Let a(x) = x**2 + q - 4 - 2*x**2 - 6*x + 6. Let t(c) = c**3 - 5*c**2 + 2*c + 2. Let z be t(4). Give a(z).
6
Let o(n) = n. Let w be 6*1*(-4)/8. Give o(w).
-3
Let v = 39 - 37. Let x(h) = 3*h - 1. Calculate x(v).
5
Let g(j) be the second derivative of j**5/5 + j**2/2 - 4*j. Determine g(-1).
-3
Let x(u) = -u**3 - 1. Let q be (12/8)/(1/(-2)). Let h = q - 0. Let c be h/(-3) + 0 + -1. Give x(c).
-1
Let p(b) = -3*b - 6. Let y(d) = -2*d - 6. Let i(a) = -3*p(a) + 4*y(a). Give i(7).
1
Let b = 10 + -4. Let o(m) be the third derivative of m**5/60 - m**4/3 + m**3 - 4*m**2. Give o(b).
-6
Let p(a) be the first derivative of -5*a**2 - a + 3. Suppose 8*k - 9*k = -1. Determine p(k).
-11
Suppose -2*s + 0 = 3*g + 3, 0 = 3*g + 3*s. Let q(c) = c**2 + 5*c + 2. Give q(g).
-4
Let u(h) be the third derivative of -h**6/120 - h**5/30 + h**4/6 - 5*h**3/6 + 2*h**2. Determine u(-4).
11
Let q(f) = -4*f - 22. Let h be q(-6). Let u(y) = y + 7. Let r be u(-5). Let b(g) = -5*g**h - 6*g**2 + 5*g**r. Calculate b(-1).
-6
Let h(i) = -i**3 + 5*i**2 - 4*i + 4. Suppose 2*g = -0*a - a - 6, 3*g - 2*a = -2. Let z = 0 + g. Let x = 6 + z. Calculate h(x).
4
Suppose t - 5*q - 10 = -3*t, 5*t = -q - 2. Let w be 1/((-2)/(-12)) - 2. Let n(j) = 3 - w - j - 5. Calculate n(t).
-6
Let c(l) = -l**3 + 6*l**2 + 7*l + 7. Let x be c(7). Let q(a) = 0 + 1 + 5 - x*a**2 - a - 5. What is q(1)?
-7
Let d(q) be the second derivative of q**3/3 - q**2/2 + 2*q. Suppose -3*v + 24 = -v. Let p = v + -7. Calculate d(p).
9
Let i(u) = 11*u + 9. Let b(y) = 5*y + 4. Let m(l) = -5*b(l) + 2*i(l). Let x be 2 + -8 + (-2 - -6). Calculate m(x).
4
Let u = -3 - -2. Let z(j) be the third derivative of -j**6/40 - j**5/60 - j**4/24 - j**3/6 - 110*j**2. What is z(u)?
2
Suppose -4*x - 11 = 1. Let o(k) = k**3 + k**2 - k + 1. Let q(p) = -4*p**3 - 6*p**2 + 3*p. Let t(h) = -3*o(h) - q(h). Give t(x).
-3
Let f(n) = n**2 + 3*n. Let p(x) = -x**2 + 4*x + 3. Let a be p(5). What is f(a)?
-2
Let a(w) = 4*w - 7. Let z(j) = 7*j - 14. Let r(i) = -5*a(i) + 3*z(i). Calculate r(5).
-2
Let v(q) = -6*q. Let o = -2 - -2. Suppose 0 = -l - l - 3*g + 11, 2*g - 2 = o. Let k be l/8 - (-1)/2. What is v(k)?
-6
Let m(u) be the first derivative of 0*u + 1/4*u**4 + 2 + u**3 + u**2. Determine m(-2).
0
Let f = 20 + -28. Let y = f + 14. Let k(p) = -p**2 + 8*p - 4. Determine k(y).
8
Let g = -6 - -5. Let h(d) = 4*d - 4. Let p(x) = -x**3 - 3*x**2 + 4*x - 4. Let c be p(-4). Let k(v) = 1. Let u(f) = c*k(f) + g*h(f). Give u(-2).
8
Let x(j) = -3*j**2 - 4*j + 13. Let r(h) = -h**2 + h + 2. Let w(t) = 4*r(t) - x(t). Give w(5).
10
Suppose 2*k + k = 0. Suppose k = g - 2*t, 0 = t + t - 2. Let r(z) = 2 - 3*z - 2 + 3*z**g + 4*z. What is r(1)?
4
Let c(p) = -5*p**3 + 13*p**2 + 12*p - 1. Let b(v) = -4*v**2 - 8*v**2 + 2*v**3 + 2*v**3 - 9*v - 2*v. Let i(f) = -6*b(f) - 5*c(f). Calculate i(-6).
5
Suppose -7*c + 2*c = -15. Let w(u) = -3*u**2 + u**3 + 4 - u - 6 + 0*u**c. Give w(3).
-5
Let r(w) = w**3 - 3*w**2 - 3*w - 1. Let c(a) = -a**3 + 3*a**2 + 4*a. Let k(v) = 3*c(v) + 2*r(v). Calculate k(4).
6
Suppose -3*a - 4*l - 18 = -l, -3*a + 2*l + 7 = 0. Let h(w) = -w**3 + 4*w**2 + 2*w + 1. Let g(m) = -m**2. Let n(v) = -4*g(v) - h(v). What is n(a)?
0
Let p(w) = -5*w**3 + 8*w - 6. Let a(g) = g**3 + g**2 - g. Suppose 2*v - 12 = -2*m, 11 = -0*m - 4*m + 3*v. Let i(z) = m*p(z) + 6*a(z). Determine i(-5).
9
Let q(d) be the second derivative of 0 - 3*d + 1/12*d**4 - 5/2*d**2 + 2/3*d**3. What is q(-4)?
-5
Let m(t) = -3*t + 6*t**2 - 3*t**2 + 2*t + 2 - 4*t**2. What is m(-3)?
-4
Let z(t) be the second derivative of t**6/60 + t**5/15 - t**4/24 - t**3/6 - 4*t**2 + 8*t. Let q(s) be the first derivative of z(s). Calculate q(-3).
-16
Let u be -7*(-2)/(4 + -2). Let v(f) = -f**3 - f**2 + f - 1. Let b(x) = 3*x**3 - 6*x**2 + 4*x + 1. Let j(o) = -b(o) - 2*v(o). Give j(u).
8
Let p(m) = -3*m + 1.